common factor of k and w.
5
Let u be (1/1)/((-2)/(-6)). What is the greatest common factor of u and 3?
3
Let w be (-9)/27 - (-364)/3. What is the highest common factor of w and 11?
11
Let n(j) = 54 - 27 + 4*j - 5*j. Let l be n(0). Calculate the greatest common factor of 18 and l.
9
Let k = 79 - 40. Calculate the greatest common factor of k and 117.
39
Let p be (2 - 5) + 1 + 6. Calculate the greatest common divisor of 36 and p.
4
Suppose 0 = 4*n - 164 - 84. Let h be 2/(-4)*1*n. Let d = 9 - h. Calculate the greatest common factor of d and 10.
10
Suppose -15*g + 18*g - 3 = 0. Let l be 19 + 1 + g + 3. What is the highest common divisor of l and 72?
24
Let f(z) = -z**3 - 4*z**2 - 5*z - 6. Suppose -3 = -i - 7. Let x be f(i). Calculate the highest common factor of 28 and x.
14
Let c(j) = j**2 + 4*j - 1. Let n be c(6). Let u = n + 1. Calculate the greatest common factor of 24 and u.
12
Suppose -2 + 4 = p. Suppose 2*j - 48 = -p*j. Calculate the highest common factor of 84 and j.
12
Suppose 279 + 105 = p + 4*r, -5*p + 2*r = -1832. Calculate the highest common factor of p and 46.
46
Let v be (-4 + 8)/1 - -15. Calculate the greatest common factor of 209 and v.
19
Let z(t) = -2*t + 16. Let d be z(5). Calculate the highest common divisor of 66 and d.
6
Suppose -p + 12 = -5*p. Let c be (-1 - -61)/(p/(-4)). What is the highest common divisor of c and 10?
10
Suppose -1 = -4*q + 395. What is the greatest common divisor of 33 and q?
33
Let n = -79 - -133. What is the greatest common factor of n and 18?
18
Suppose 0*k = -2*k + 132. Let p = 17 - 18. Let h = p + 7. Calculate the greatest common divisor of h and k.
6
Let y be (-2)/(-5) - 69/(-15). Let v = 8 - y. Suppose 0*a + v*c = 5*a - 143, -2*c - 2 = 0. Calculate the highest common factor of 14 and a.
14
Let t(j) = j**2 - j + 2. Let d be t(1). Let u be (4 + -5)/(d/(-6)). What is the greatest common divisor of u and 15?
3
Let s(o) = o**2 - 8*o + 2. Let g be s(8). Suppose 3*r = g*r + 80. Let x(b) = -3*b - 8. Let m be x(-8). Calculate the highest common factor of m and r.
16
Let o = -55 + 103. What is the highest common factor of o and 16?
16
Suppose 43 = 4*n + 3*k, -3*n - 3*k + 28 = -5*k. Suppose 4*l = -l + n. Let q be (-8 - l)/((-1)/2). What is the highest common divisor of 80 and q?
20
Suppose -6*k + 72 = -3*k. Let f = -241 + 433. What is the greatest common divisor of f and k?
24
Let b be 9 - ((7 - 2) + -2). Let z be (-15 - 0)*(-4)/10. What is the greatest common divisor of b and z?
6
Let x(i) = -i**3 + 5*i**2 + 2*i + 1. Let g be x(5). Suppose 4*o - g = 1. What is the highest common factor of 3 and o?
3
Suppose -5*k + 4*i = -66, 5*k - 103 = -2*i - 31. Calculate the greatest common factor of k and 7.
7
Let v = -22 + 28. Calculate the greatest common factor of v and 12.
6
Let u(w) = -2*w - 4. Let g be u(-3). Calculate the highest common factor of 10 and g.
2
Suppose 4*b - 20 = 0, 0*m + 2*b = -m + 12. Suppose -2*u + 6*u - 56 = 2*t, 28 = m*u + t. What is the greatest common factor of 56 and u?
14
Let w be 65/40 - 3/(-8). Let u be 0 + 2 + -2 - -3. Calculate the highest common factor of w and u.
1
Let t(d) = d + 6. Let v be t(6). Let l be 6*1/(3/v). Calculate the highest common divisor of l and 96.
24
Let q(z) = 2*z**3 + 3*z**2 + 4*z + 2. Let t be q(-2). Let m be t/(-3)*27/2. Calculate the greatest common divisor of 5 and m.
5
Suppose 0 = -0*u - 3*u - 4*m + 301, 4*u = 4*m + 392. What is the greatest common factor of u and 11?
11
Let s = 23 - 14. What is the greatest common divisor of s and 27?
9
Let k be ((-9)/2)/((-3)/(-60)*-3). Calculate the greatest common divisor of k and 18.
6
Suppose -1984 - 711 = -11*w. Calculate the greatest common divisor of w and 98.
49
Suppose 2*l = q + 9, 14 = -l + 5*q - 4. What is the highest common divisor of l and 35?
7
Let c(q) = q**3 + 7*q**2 + 2*q - 1. Let b be c(-5). What is the highest common factor of 26 and b?
13
Let t(p) = -p**2 - 2*p + 1. Let y be t(-2). Let h be 8/16*(1 + y). What is the highest common divisor of h and 9?
1
Let m be 4*(2 - (-9)/(-6)). Let q be 36/21 - 4/(-14). Let s be (-55)/q*(-4)/5. What is the highest common factor of m and s?
2
Let h(u) = -u**3 - 2*u**2 - 2*u + 2. Let o be h(-4). Suppose -g - 3*g + 252 = 0. What is the greatest common factor of g and o?
21
Suppose -5*j = 3*l - 45, -25 = -7*l + 2*l. Let p be ((-2)/j)/((-2)/30). Calculate the highest common divisor of p and 40.
5
Let z = 23 + 5. Let g be -3 + (30*-6)/(-4). What is the highest common divisor of z and g?
14
Let k(g) = 3*g + 0*g + 4 + g**2 + g**3 - 5*g**2. Let m be k(5). What is the highest common factor of m and 66?
22
Suppose 0 = -45*f + 48*f - 96. Let x = 1 - 2. Let r be (-8 + 2)/x + -2. Calculate the greatest common divisor of r and f.
4
Let n(j) = 144*j - 168. Let c(h) = 11*h - 13. Let k(s) = -40*c(s) + 3*n(s). Let q be k(-11). What is the greatest common factor of 13 and q?
13
Let x(d) = -d**2 - 3*d + 1. Let i be x(-2). Suppose -15 = -i*f - f + b, -9 = -f - 5*b. Suppose f*t - 41 - 7 = 0. What is the greatest common factor of 12 and t?
12
Suppose 5*s - 32 = h, s - 5*h - 7 - 9 = 0. What is the greatest common divisor of 30 and s?
6
Suppose 0*z - 4*z + 3*h + 168 = 0, z - 42 = -4*h. What is the highest common divisor of z and 6?
6
Suppose 0 = x + 3, 5*k = -3*x + x + 624. Suppose 0 = -5*u - m + 88, -2 = -2*u + 4*m + 42. Calculate the highest common divisor of k and u.
18
Let y be ((-48)/(-10))/((-12)/(-40)). Let t(n) = n**3 + 5*n**2 - 2*n - 2. Let h = 0 - 5. Let p be t(h). Calculate the greatest common factor of p and y.
8
Let x be -3 + (-2)/2 - (-156)/3. What is the highest common divisor of x and 36?
12
Let u(y) = -2*y - 5. Let l be u(-4). Suppose l*j = 7*j - 44. Calculate the highest common factor of 1 and j.
1
Suppose 35 = o + 11. Let b = 5 - -7. Calculate the greatest common divisor of o and b.
12
Let j be (-3 - 0)/((-6)/8). Suppose -m - 30 = -j*m. Let d be 1 - -2 - (-6)/(-6). Calculate the greatest common factor of d and m.
2
Suppose -3 = 3*z + 3*q, z - 2*q - 3*q - 23 = 0. Let u = z - -6. What is the highest common divisor of 6 and u?
3
Let j = 6 - 3. Let o(s) = s**3 + 2*s**2 - 4*s + 6. Let d be o(3). Suppose 0*f + d = j*f. Calculate the greatest common factor of 143 and f.
13
Suppose 7*p - 3*p - 280 = 0. Let w = 140 - p. Calculate the highest common factor of 14 and w.
14
Let u(g) = -14*g. Let w be u(-4). Calculate the highest common divisor of 8 and w.
8
Let a be 0 - -2 - -6*16/12. Let t(l) = -l**3 + 2*l**2 + l. Let k be t(2). Calculate the highest common factor of a and k.
2
Let q(v) = v**2 + v - 2. Let z be q(3). Let o = z - 8. Suppose o*d + 156 = 6*d. What is the highest common factor of d and 26?
13
Let p(t) = t - 3. Let r be p(6). Suppose -2*a - r*a = 0. Suppose -2*x = 5*v - 70, -2*x - 3*v = -a*v - 70. What is the highest common divisor of x and 7?
7
Let x be 67 - 6 - (3 - 0). Calculate the greatest common factor of x and 29.
29
Let i = 216 + -45. What is the greatest common factor of i and 19?
19
Suppose 3 = p - 2. What is the highest common factor of p and 25?
5
Let o(v) = 4*v**3 - v**2 + 2*v - 2. Suppose -2*y + 2*d = -4, 10 = 5*y + 6*d - d. Let s be o(y). What is the highest common divisor of 15 and s?
15
Let o be (18/5)/((-2)/(-30)). Calculate the highest common divisor of 6 and o.
6
Suppose 0 = 4*y + y - 30. Let o(i) = i**3 - 5*i**2 - 4*i + 6. Let g be o(y). What is the highest common factor of 9 and g?
9
Let y(w) = -28*w**3 - w**2 - w - 1. Let d be y(-1). What is the highest common factor of d and 81?
27
Let w = 30 - 26. Calculate the greatest common divisor of 8 and w.
4
Suppose -21 = -3*w - r - 0*r, 2*r - 34 = -5*w. Let d be (-127)/(-4) - 2/(-8). Calculate the greatest common divisor of w and d.
8
Suppose 0 = -2*n - 17 + 11. Let c be ((-24)/14)/((-2)/21). Let k be 16*n/c*-3. Calculate the highest common factor of k and 88.
8
Let a = 11 + -11. Suppose -o - 3*o + 100 = a. Let p(j) = 3*j - 5. Let g be p(5). What is the highest common divisor of o and g?
5
Let a be (-112)/(-35)*(-5)/(-2). What is the highest common divisor of 20 and a?
4
Suppose -k + 4 = k. Suppose -120 = -3*t + k*y, t - 40 = -0*t + 3*y. Calculate the greatest common factor of t and 5.
5
Let v be 210/(-9)*12/(-10). What is the greatest common divisor of 70 and v?
14
Let r be (2 + 7)/(1/11). What is the hi